. Give s(p).
5
Let h be ((-36)/30)/((-2)/10). Let y(u) = u**3 - 5*u**2 - 9*u + 8. Determine y(h).
-10
Let b(i) = i**2 + 8*i + 7. Suppose 5 = -2*y + 3*y - 4*k, y - k + 4 = 0. What is b(y)?
0
Suppose -10 = f + 4*f. Let r(a) = 3. Let u(t) = t + 1. Let w(p) = f*r(p) + 2*u(p). What is w(5)?
6
Let v(l) be the second derivative of 0 - l - 1/24*l**4 + 0*l**3 - 1/60*l**5 + l**2. Let n(g) be the first derivative of v(g). Determine n(0).
0
Let p be (3/(-1) + 3)/2. Let t(y) be the first derivative of -2 + p*y**2 - 5/3*y**3 + 2*y + 1/4*y**4. What is t(5)?
2
Let k(f) = -7 + 5*f**2 - 9*f + 9 - 7 - 4*f**2. Let u be k(10). Let p(j) = j**2 - 6*j + 7. What is p(u)?
2
Let l(j) = j**3 - 2*j**2 - 2*j + 4. Let s(q) = q**2 - q. Let o(m) = l(m) - 3*s(m). Determine o(5).
9
Let f(q) = 47 - 3*q**2 - 94 + 46 + q**2. Determine f(-1).
-3
Let s(v) = -v**2 + 2*v + 3. Let a be (-2)/(-6)*3 - -2. Determine s(a).
0
Let h = 2 - 0. Let r(x) be the first derivative of 2 - x**2 + 1/3*x**3 + 0*x. What is r(h)?
0
Let x(d) = d**2 - d. Let l = 4 - 4. Suppose l = 2*c - c + 2. Give x(c).
6
Suppose 62 = 5*k + 72. Let x(f) = f**2 + 4*f + 3. What is x(k)?
-1
Let t = 0 + 5. Suppose -2*d - g + 13 = -0*d, 3*g = 5*d - 5. Let s(x) = -d*x + 3 + 3*x + 2*x - 6*x + x**2. Determine s(t).
3
Let n(f) = -f**3 - 3*f**2 + 4*f + 5. Suppose -9 - 6 = -5*m. Suppose -4*u = -m*u - 13. Suppose -v - u = -9. Determine n(v).
5
Let u(s) be the third derivative of -s**2 + 1/120*s**6 + 0 - s**3 + 0*s + 1/60*s**5 - 1/24*s**4. Suppose 4*w = w. What is u(w)?
-6
Let m(o) = -o**2 + o - 1. Let a(c) = c**3 + 15*c**2 + 7*c + 17. Let d(l) = a(l) + 4*m(l). Let q be d(-10). Let j(i) = -i**3 + 2*i**2 + 4*i - 1. What is j(q)?
2
Let b(f) be the second derivative of -f**5/40 - f**4/24 + f**3/6 + f. Let p(v) be the second derivative of b(v). Let g = 11 + -10. What is p(g)?
-4
Suppose 3*h + h + 4 = -c, -2*c + 2 = 3*h. Let x(t) = -3*t - 3*t - c + 7*t. Let y be 5/(0/(-5) - 1). Determine x(y).
-9
Let g(u) = -7*u**3 - 9*u**2 - 5. Let w(a) = -15*a**3 - 19*a**2 - 11. Let c(l) = 13*g(l) - 6*w(l). Give c(-3).
1
Let f(j) be the second derivative of -j**5/60 + j**4/6 + j**3/2 - 3*j**2/2 + 2*j. Let n(m) be the first derivative of f(m). Calculate n(5).
-2
Let k(h) = -h**2 + 9*h - 14. Let q be k(6). Let x(g) = -q*g + 4*g - 4 + g**2 + 1 - 6*g. Calculate x(6).
-3
Let d(o) = -o + 5. Let u be (-24)/36 + (-4)/(-6). Calculate d(u).
5
Let u(y) = -y. Let g be u(0). Let t be (-1)/2*(g + 0). Let h(f) be the third derivative of -f**4/24 + f**3 - 2*f**2. What is h(t)?
6
Let y(f) = f**3 + 2*f**2 - 2*f - 1. Let s be y(-2). Suppose s*j - p = -5, j + 3*p + 6 = -p. Let d(r) = -r**3 - r**2 + r + 2. Give d(j).
4
Let d be (-2)/(-2*(-2)/(-4)). Let o = d + 3. Let n(i) = i**3 - 4*i**2 - 5*i - 5. What is n(o)?
-5
Let m = 0 + 0. Suppose m = -5*f + 12 + 3. Let t(d) = -7*d**2 + d**2 - d**f - 3*d + 6 - 2*d. What is t(-5)?
6
Let q(k) = -2*k**3 + k**2 - 6*k. Let o(i) be the third derivative of i**6/24 - i**5/20 + 13*i**4/24 + i**3/6 - 3*i**2. Let t(m) = 3*o(m) + 7*q(m). What is t(2)?
-3
Let p = 3 + 2. Let b(t) = t**3 + 0 - 2 - p*t**2 + 6 + 3*t. Calculate b(3).
-5
Suppose -5*w - 4*w = 63. Let k(u) = 0*u**3 + 8*u + 6 + u**2 + 5*u**2 + 2*u**2 + u**3. Determine k(w).
-1
Let p(l) be the first derivative of l**4/2 + l**3 - 3. Let u be p(-2). Let z(y) = -y**3 - 4*y**2 + 3*y + 5. Give z(u).
-7
Let w(o) = 5*o**2 + 16*o - 1. Let n(i) = -3*i**2 - 6*i. Let l(p) = 4*p**2 + 7*p. Let t(y) = -2*l(y) - 3*n(y). Let z(g) = 9*t(g) - 2*w(g). Determine z(4).
2
Let j = 4 + -3. Let l(z) = 2 + 6*z + z**2 - z + j. Determine l(-4).
-1
Let q(j) be the second derivative of j**5/20 + 5*j**4/12 - j**3/3 - 2*j**2 + 3*j. Calculate q(-5).
6
Let y(t) = -t**2 - 9*t - 6. Let d(x) = -x**3 + 14*x**2 + 16*x - 21. Let i be d(15). Determine y(i).
12
Suppose 0 = -0*a - 5*a. Suppose -12 - 9 = -3*t. Let k(q) = q**3 - 3 + q + 3 - q**2 + 0*q - t. Give k(a).
-7
Let j be (-1)/4 + (-39)/(-12). Let v(l) be the second derivative of l**5/20 - l**4/6 - 2*l**3/3 - 2*l + 29. What is v(j)?
-3
Let m(q) = 9*q + 1. Suppose 13 - 15 = 2*d. Calculate m(d).
-8
Let f(h) be the third derivative of h**6/120 - h**5/15 - 5*h**4/24 + 5*h**3/6 - 14*h**2. Calculate f(5).
5
Let a(c) be the first derivative of c**2/2 + 4. Suppose 0 = -v - 4*b - 0 - 3, -4*v + 5 = -b. Calculate a(v).
1
Let q(x) be the first derivative of -x**4/2 + 2*x**3/3 + x**2 - 2*x - 1. Let f be 2 + (-1)/(-2)*-2. Let z be ((-2)/6)/(f/(-6)). Calculate q(z).
-6
Suppose d = -d. Suppose -3*g - g + 12 = d. Let t(u) = u**3 - 9*u**2 + 3*u - 4. Let h(r) = r**2 + 1. Let b(n) = -5*h(n) - t(n). What is b(g)?
-1
Let r(j) = j - 1. Suppose 0*h = 5*h + 15. Let w be h/(-3)*-1 - -2. Let n be (w/(-4))/((-1)/4). What is r(n)?
0
Let a(q) = q**3 - 3*q**2 - 3*q. Suppose -3*j - 16 = 5*c, 0*c + 4*j = -5*c - 18. Let y be (2/8)/(c/(-8)). Suppose -x - y + 5 = 0. Give a(x).
4
Let v(c) = 3*c - 5. Let y(i) = 7*i - 10. Let q(k) = 5*v(k) - 2*y(k). Let m be -3*((-12)/(-9))/(-1). What is q(m)?
-1
Let d(p) = -3*p. Let m(k) = 4*k. Let a(v) = 5*d(v) + 4*m(v). Let f(x) = 3*x**3 + 3*x**2 - 3*x + 1. Let r be f(1). What is a(r)?
4
Let v(f) = f**3 - f**2 + f - 1. Let w(z) = -7*z**3 + 2*z**2 - z + 6. Let a(s) = 6*v(s) + w(s). Suppose 4*b = 16 + 4. Let l = 0 - b. What is a(l)?
0
Let c(a) = 7*a - 1. Suppose -m + 2*b - b - 4 = 0, -2*b + 10 = 0. Give c(m).
6
Let q(l) = -l**3 + 3*l**2 - l + 3. Let m(v) = 1. Let n(g) = 4*m(g) - q(g). Give n(3).
4
Let x be 4/(-6) - 24/(-9). Let b(q) = -x*q - 2 - q + 2*q + 3*q. Calculate b(5).
8
Let k(f) = 6*f. Suppose 2*o - 2*y = 8, -o + 3*y - 8 = -2*o. Suppose -4*a - 13 = -o*u, -3*a - 9 = -0*a - 3*u. Calculate k(a).
-12
Let d(i) = -4*i + 2. Let x = 34 - 30. Calculate d(x).
-14
Let z be ((-297)/(-5))/9 - 4/(-10). Let o(b) = -b**3 + 8*b**2 - 9*b - 5. Give o(z).
-19
Let j be 1/4 - (-186)/24. Let s be (j/(-6))/(8/12). Let m(x) be the third derivative of -x**5/60 - x**4/12 - x**3/6 - 2*x**2. Give m(s).
-1
Let b(d) = -6*d + 10. Let x(k) = 5*k - 10. Let v = 3 + 3. Let g = v - 11. Let l(p) = g*x(p) - 4*b(p). Calculate l(0).
10
Let q(p) be the third derivative of p**6/120 - p**5/10 + 5*p**4/24 + 5*p**3/6 - 32*p**2. What is q(5)?
5
Suppose -2*r + 6*r - 12 = 0. Let g be r/(-2)*12/(-6). Let t(x) = x + 3. Calculate t(g).
6
Let x(n) = -n**2 - 12*n - 8. Let z be x(-11). Let r(d) = 6 - 2*d + z + 3*d. Let u(w) = -w**2 - 4*w. Let c be u(-5). What is r(c)?
4
Suppose -4*b + 26 = 2*p, -3*p - 4*b + 9 = -24. Let q(m) = -m + 3. Determine q(p).
-4
Let m(b) = -4*b + 4. Let o = -38 + 43. Suppose 0*q = q - 4. Let j(x) = 3*x - 3. Let r(h) = o*j(h) + q*m(h). What is r(5)?
-4
Let t(b) = -b**3 + 3*b**2 + 5*b - 5. Let o(w) = 3*w**2 + 9*w - 10. Let x(f) = -7*f**2 - 18*f + 20. Let u(i) = 9*o(i) + 4*x(i). Let v be u(7). Determine t(v).
-1
Let t(v) = -v**2 - v + 4. Let p(w) = -w - 9. Let g be p(-4). Determine t(g).
-16
Let t(s) = -3*s - 2. Let a(o) = -o**2 + 11*o - 15. Let y be a(9). Determine t(y).
-11
Let m(f) be the third derivative of 1/24*f**4 + 0 + 0*f - f**2 + 1/60*f**5 - 2/3*f**3. What is m(0)?
-4
Let o = 4 + -7. Let r(z) = -7*z**3 - 15*z**2 - 15*z - 3. Let a(d) = -11*d**3 - 23*d**2 - 23*d - 4. Let i(q) = 5*a(q) - 8*r(q). Determine i(o).
7
Let f be (-51)/7 + ((-36)/(-21))/6. Let y(p) = p**2 + 6*p - 3. What is y(f)?
4
Let w = -11/16 - -169/240. Let v(a) be the third derivative of w*a**5 + 0*a + 4*a**2 + 1/6*a**3 + 0 - 1/12*a**4 + 1/120*a**6. What is v(-2)?
1
Let k(m) = m**3 - 10*m**2 + 10*m + 2. Let b = 129 - 120. Give k(b).
11
Let g = 12 - 8. Let f(l) = 0*l - 4 + 3 + l + 0. Calculate f(g).
3
Suppose 3*f = -2*f + 25. Suppose y = -0*y - 2*d - 10, f*y - 5*d = -5. Let x(u) = 3*u - u**3 + 2 - u**3 + 5*u**2 + 3*u**3. What is x(y)?
6
Suppose 2 = -2*c + 4. Let n be -2 - 1/c*1. Let j = -4 - n. Let h(m) = -6*m**3 + m. Give h(j).
5
Suppose 4*j - 3 - 5 = 0. Let i(g) = 0 + 2*g**2 - 2*g**j + 6*g**2 + 1. Determine i(1).
7
Let z = -7 - -10. Let t(u) = -2*u + 2*u - u - u**3 + 3 + 0*u**z. What is t(0)?
3
Let b(m) = m**3 - m**2 + 6. Let k = -86 + 86. What is b(k)?
6
Let n(p) = p. Let a be n(4). Let w(d) = d**2 - 9*d + 7. Suppose 0 = -4*r + 11 - 35. Let l(z) = -z**2 + 10*z - 8. Let g(m) = r*l(m) - 7*w(m). Give g(a).
-5
Let f be (-54)/(-14) + (-2)/(-14). Let k(r) be the second derivative of 2*r + 1/12*r**f + 0 - 1/2*r**2 + 1/2*r**3. Calculat